108?
277
Calculate the highest common factor of 193928 and 201600.
56
Calculate the greatest common factor of 640543414 and 556.
278
Calculate the greatest common divisor of 159681 and 41511.
303
What is the highest common factor of 103194 and 826?
14
Calculate the greatest common factor of 15240 and 266790.
30
Calculate the highest common factor of 69297722 and 25661.
383
What is the greatest common divisor of 92628765 and 405?
405
Calculate the highest common divisor of 866856 and 77.
1
Calculate the highest common divisor of 8349 and 297363.
33
Calculate the highest common divisor of 506 and 3438178.
46
Calculate the highest common divisor of 125922269 and 2252.
563
Calculate the greatest common divisor of 7958 and 968866605.
3979
What is the highest common divisor of 58673328 and 3096?
1032
What is the greatest common factor of 77720 and 1255120?
1160
Calculate the greatest common factor of 2308424 and 456.
152
What is the highest common factor of 13517161 and 8729?
203
Calculate the highest common divisor of 52 and 264592289.
13
What is the greatest common divisor of 25 and 1416365?
5
What is the greatest common divisor of 728271103 and 161?
161
What is the greatest common divisor of 145494680 and 360?
40
What is the highest common divisor of 237102 and 32035?
43
What is the greatest common factor of 112185656 and 77?
11
Calculate the greatest common factor of 3395 and 10491229.
679
Calculate the highest common divisor of 83283732 and 4410.
882
What is the greatest common factor of 8115723 and 4541?
239
What is the highest common factor of 1676 and 66596?
4
What is the greatest common factor of 108777487 and 31304?
3913
What is the highest common divisor of 22560 and 102?
6
What is the highest common divisor of 1986 and 96834?
6
Calculate the greatest common divisor of 46310 and 121582274.
9262
Calculate the greatest common divisor of 2742433 and 315641.
439
Calculate the highest common divisor of 4001079 and 17841.
939
What is the greatest common factor of 212205 and 2355?
15
What is the highest common factor of 4369 and 371108?
257
Calculate the greatest common factor of 87383231 and 130.
13
Calculate the highest common divisor of 100333725 and 150.
75
What is the greatest common divisor of 688 and 593228?
172
Calculate the greatest common divisor of 35327448 and 2944.
184
What is the greatest common factor of 2022195 and 1680?
105
What is the highest common factor of 100 and 7044650?
50
What is the highest common divisor of 108152 and 13314986?
2458
What is the highest common divisor of 9232 and 5260592?
16
What is the highest common factor of 88359636 and 36?
12
Calculate the greatest common factor of 3021 and 46132.
19
What is the greatest common factor of 73582 and 16?
2
What is the highest common factor of 1477 and 744495143?
1477
What is the greatest common factor of 782507 and 318667?
223
Calculate the greatest common factor of 31174 and 166770.
218
Calculate the greatest common factor of 111056 and 604498.
1262
What is the highest common divisor of 37174164 and 3036?
276
Calculate the greatest common factor of 492 and 59012694.
246
Calculate the greatest common factor of 3942 and 352387206.
3942
What is the highest common factor of 31230 and 2921046?
2082
What is the greatest common factor of 17220 and 1384320?
420
What is the highest common divisor of 14553016 and 507448?
3704
Calculate the highest common divisor of 43 and 44782823.
43
What is the highest common divisor of 1267200 and 3414528?
4608
Calculate the highest common factor of 30865792 and 112.
16
What is the greatest common factor of 300 and 58456660?
20
Calculate the highest common factor of 8316373 and 654.
109
What is the highest common divisor of 1136348 and 124?
4
Calculate the highest common divisor of 29988 and 1560804.
1428
What is the highest common divisor of 199119528 and 1263?
1263
What is the greatest common factor of 80517624 and 4?
4
Calculate the greatest common factor of 4430 and 226373.
443
What is the highest common factor of 2504 and 89831?
313
Calculate the greatest common divisor of 48 and 46403769.
3
What is the greatest common factor of 91569300 and 700?
100
What is the highest common factor of 6649 and 17344843?
109
Calculate the greatest common factor of 359125 and 4875.
1625
Calculate the highest common divisor of 1665 and 34523220.
555
Calculate the greatest common factor of 1689968 and 1540.
28
What is the greatest common factor of 7077 and 41070190?
2359
Calculate the greatest common divisor of 3757 and 83.
1
Calculate the highest common factor of 591 and 85892.
197
Calculate the greatest common factor of 140647 and 56017.
403
What is the greatest common divisor of 854 and 21381354?
122
What is the greatest common factor of 226635 and 219675?
435
Calculate the greatest common factor of 28255875 and 2700.
75
Calculate the highest common divisor of 850119323 and 1717.
1717
Calculate the highest common factor of 66 and 217708788.
66
Calculate the highest common factor of 66869967 and 3.
3
Calculate the greatest common divisor of 361725 and 145119.
39
Calculate the greatest common factor of 1012 and 2958824.
44
What is the greatest common divisor of 707 and 27045881?
101
Calculate the greatest common factor of 1025444 and 5777.
53
Calculate the highest common divisor of 147364 and 63840.
532
Calculate the highest common divisor of 3176473505 and 565.
565
What is the highest common divisor of 7915 and 187526929?
1583
Calculate the highest common divisor of 34020 and 114100.
140
Calculate the greatest common factor of 163905 and 15351945.
735
What is the highest common factor of 1409428 and 20?
4
Calculate the greatest common divisor of 2592 and 569248.
32
Calculate the greatest common divisor of 101361189 and 8355.
1671
What is the highest common factor of 514428 and 98452?
652
Calculate the greatest common factor of 654 and 16242.
6
Calculate the highest common factor of 284 and 1575135.
71
Calculate the highest common divisor of 16097260 and 53890.
3170
What is the highest common factor of 20750688 and 470?
94
Calculate the highest common factor of 1242971140 and 10515.
3505
What is the highest common factor of 218520348 and 631?
631
What is the highest common divisor of 460 and 569917?
23
What is the greatest common factor of 1027 and 440141?
13
Calculate the greatest common divisor of 2658287 and 47.
1
Calculate the greatest common divisor of 82239 and 238389.
1041
Calculate the highest common factor of 9054496 and 109988.
3548
What is the greatest common factor of 423 and 8280507?
141
What is the highest common factor of 3508 and 11472037?
877
What is the greatest common factor of 6877 and 31785?
13
Calculate the greatest common factor of 1344210 and 195490.
1730
Calculate the highest common divisor of 670 and 54158110.
670
Calculate the highest common factor of 10836 and 93973404.
3612
Calculate the greatest common divisor of 43092035 and 35.
35
What is the highest common factor of 177 and 93837?
3
What is the greatest common divisor of 392 and 6017312?
56
Calculate the highest common divisor of 3817734 and 2175.
87
Calculate the greatest common divisor of 1653 and 144774699.
1653
Calculate the highest common factor of 6608 and 1462272.
112
Calculate the greatest common factor of 1373907 and 1.
1
Calculate the highest common factor of 43358 and 303126.
38
What is the highest common divisor of 82994637 and 363?
33
Calculate the greatest common divisor of 414 and 144869778.
414
What is the greatest common factor of 119195 and 40765?
155
What is the highest common factor of 3098753 and 29204?
1043
What is the greatest common divisor of 75 and 46822605?
15
Calculate the greatest common divisor of 87653 and 9373.
103
What is the greatest common divisor of 4836 and 12122643?
1209
What is the highest common factor of 4469411957 and 23?
23
What is the greatest common factor of 2508 and 942552?
228
Calculate the highest common divisor of 22023136 and 96.
32
What is the highest common factor of 8 and 1724936072?
8
Calculate the highest common factor of 26410 and 449160.
190
Calculate the greatest common divisor of 31430565 and 1080.
135
What is the greatest common factor of 279203685 and 30?
15
What is the greatest common factor of 20922 and